 the remainder when 3854 is divided by 117.
110
Calculate the remainder when 4923 is divided by 960.
123
Calculate the remainder when 221666 is divided by 734.
732
Calculate the remainder when 26577 is divided by 6623.
85
Calculate the remainder when 2753 is divided by 1337.
79
Calculate the remainder when 4597 is divided by 682.
505
What is the remainder when 336666 is divided by 16?
10
Calculate the remainder when 64575 is divided by 21523.
6
What is the remainder when 6258 is divided by 36?
30
What is the remainder when 5771 is divided by 2882?
7
Calculate the remainder when 19762 is divided by 824.
810
What is the remainder when 1231 is divided by 1159?
72
Calculate the remainder when 469962 is divided by 11.
9
Calculate the remainder when 6147 is divided by 41.
38
What is the remainder when 13423 is divided by 2135?
613
What is the remainder when 18692 is divided by 9341?
10
What is the remainder when 4038 is divided by 447?
15
What is the remainder when 1230 is divided by 43?
26
Calculate the remainder when 3231 is divided by 21.
18
What is the remainder when 19401 is divided by 6?
3
Calculate the remainder when 11042 is divided by 5521.
0
What is the remainder when 12137 is divided by 17?
16
Calculate the remainder when 9016 is divided by 6915.
2101
Calculate the remainder when 585246 is divided by 44.
2
What is the remainder when 1122940 is divided by 173?
170
Calculate the remainder when 14175 is divided by 23.
7
What is the remainder when 347920 is divided by 21?
13
What is the remainder when 1577 is divided by 49?
9
What is the remainder when 2016 is divided by 3?
0
What is the remainder when 9191 is divided by 2180?
471
Calculate the remainder when 908 is divided by 25.
8
What is the remainder when 5117 is divided by 397?
353
Calculate the remainder when 194019 is divided by 115.
14
Calculate the remainder when 53455 is divided by 90.
85
What is the remainder when 6969 is divided by 606?
303
What is the remainder when 3003 is divided by 748?
11
What is the remainder when 5345 is divided by 192?
161
Calculate the remainder when 583 is divided by 568.
15
What is the remainder when 2674 is divided by 725?
499
Calculate the remainder when 66771 is divided by 869.
727
Calculate the remainder when 394070 is divided by 251.
0
What is the remainder when 8147 is divided by 7?
6
What is the remainder when 19296 is divided by 9645?
6
Calculate the remainder when 795 is divided by 264.
3
Calculate the remainder when 10575 is divided by 82.
79
What is the remainder when 2165 is divided by 897?
371
Calculate the remainder when 13097 is divided by 897.
539
What is the remainder when 6041 is divided by 435?
386
What is the remainder when 795 is divided by 88?
3
What is the remainder when 6939 is divided by 6?
3
What is the remainder when 4851 is divided by 783?
153
What is the remainder when 1370730 is divided by 91?
88
Calculate the remainder when 93713 is divided by 629.
621
What is the remainder when 2662 is divided by 99?
88
Calculate the remainder when 1283490 is divided by 427827.
9
What is the remainder when 2497527 is divided by 1699?
1696
What is the remainder when 160268 is divided by 189?
185
Calculate the remainder when 8882 is divided by 569.
347
What is the remainder when 62347 is divided by 198?
175
What is the remainder when 879371 is divided by 39?
38
Calculate the remainder when 379650 is divided by 81.
3
What is the remainder when 38931 is divided by 3?
0
What is the remainder when 154 is divided by 115?
39
What is the remainder when 12417 is divided by 37?
22
What is the remainder when 73052 is divided by 79?
56
Calculate the remainder when 7429 is divided by 39.
19
What is the remainder when 17608 is divided by 10?
8
Calculate the remainder when 2823331 is divided by 162.
157
What is the remainder when 13835 is divided by 75?
35
What is the remainder when 211913 is divided by 386?
385
What is the remainder when 230101 is divided by 19?
11
What is the remainder when 1498836 is divided by 53?
49
What is the remainder when 677 is divided by 69?
56
Calculate the remainder when 27049 is divided by 2254.
1
What is the remainder when 5573 is divided by 180?
173
Calculate the remainder when 3538 is divided by 1177.
7
What is the remainder when 16455 is divided by 234?
75
What is the remainder when 3253 is divided by 112?
5
What is the remainder when 138849 is divided by 1044?
1041
What is the remainder when 141489 is divided by 1965?
9
Calculate the remainder when 109541 is divided by 33.
14
Calculate the remainder when 39735 is divided by 80.
55
What is the remainder when 2163 is divided by 1077?
9
Calculate the remainder when 241917 is divided by 10995.
27
What is the remainder when 27057 is divided by 22?
19
Calculate the remainder when 161989 is divided by 402.
385
Calculate the remainder when 452991 is divided by 226490.
11
What is the remainder when 636295 is divided by 1010?
1005
What is the remainder when 96172 is divided by 5061?
13
Calculate the remainder when 7861 is divided by 1123.
0
What is the remainder when 44933 is divided by 41?
38
Calculate the remainder when 1717 is divided by 828.
61
What is the remainder when 5601 is divided by 1858?
27
What is the remainder when 517584 is divided by 165?
144
What is the remainder when 53917 is divided by 80?
77
Calculate the remainder when 1378 is divided by 113.
22
Calculate the remainder when 110709 is divided by 22138.
19
Calculate the remainder when 744477 is divided by 47.
44
What is the remainder when 56065 is divided by 5585?
215
Calculate the remainder when 623190 is divided by 124636.
10
What is the remainder when 24412 is divided by 488?
12
What is the remainder when 670153 is divided by 43?
41
What is the remainder when 1047 is divided by 236?
103
What is the remainder when 7855 is divided by 42?
1
Calculate the remainder when 4918 is divided by 1599.
121
Calculate the remainder when 105463 is divided by 1352.
7
Calculate the remainder when 10097 is divided by 45.
17
Calculate the remainder when 19428 is divided by 381.
378
Calculate the remainder when 1369 is divided by 98.
95
Calculate the remainder when 6732 is divided by 64.
12
What is the remainder when 1700 is divided by 1650?
50
What is the remainder when 9328589 is divided by 172?
169
What is the remainder when 92561 is divided by 363?
359
Calculate the remainder when 2028 is divided by 177.
81
Calculate the remainder when 3075186 is divided by 181.
177
Calculate the remainder when 37824 is divided by 184.
104
What is the remainder when 3678478 is divided by 1040?
1038
Calculate the remainder when 47413 is divided by 150.
13
Calculate the remainder when 4087 is divided by 145.
27
Calculate the remainder when 3719 is divided by 1657.
405
Calculate the remainder when 3528 is divided by 3522.
6
What is the remainder when 125168 is divided by 61?
57
Calculate the remainder when 738 is divided by 495.
243
What is the remainder when 10259 is divided by 394?
15
Calculate the remainder when 7875 is divided by 87.
45
What is the remainder when 26775 is divided by 2059?
8
What is the remainder when 1455 is divided by 1441?
14
What is the remainder when 23079 is divided by 549?
21
What is the remainder when 3708 is divided by 45?
18
Calculate the remainder when 81754 is divided by 52.
10
Calculate the remainder when 900390 is divided by 13.
10
What is the remainder when 5692 is divided by 1897?
1
Calculate the remainder when 1090 is divided by 1087.
3
What is the remainder when 35026 is divided by 49?
40
Calculate the remainder when 32715 is divided by 16353.
9
What is the remainder when 12840 is divided by 2431?
685
Calculate the remainder when 408730 is divided by 28.
14
What is the remainder when 546945 is divided by 47?
6
What is the remainder when 34275 is divided by 97?
34
Calculate the remainder when 125719 is divided by 27.
7
Calculate the remainder when 39 is divided by 22.
17
Calculate the remainder when 1780 is divided by 205.
140
What is the remainder when 4538 is divided by 17?
16
What is the remainder when 13438 is divided by 15?
13
What is the remainder when 2037 is divided by 561?
354
Calculate the remainder when 757531 is divided by 521.
518
Calculate the remainder when 428685 is divided by 44.
37
C